{"id":306,"date":"2022-12-05T00:23:54","date_gmt":"2022-12-05T06:23:54","guid":{"rendered":"https:\/\/umasantaana.edu.sv\/?page_id=306"},"modified":"2023-06-30T11:41:15","modified_gmt":"2023-06-30T17:41:15","slug":"306-2","status":"publish","type":"page","link":"https:\/\/umasantaana.edu.sv\/?page_id=306","title":{"rendered":"Proyecci\u00f3n Social"},"content":{"rendered":"<p>[et_pb_section fb_built=\u00bb1&#8243; admin_label=\u00bbAbout\u00bb _builder_version=\u00bb4.16&#8243; hover_enabled=\u00bb0&#8243; global_colors_info=\u00bb{}\u00bb sticky_enabled=\u00bb0&#8243;][et_pb_row _builder_version=\u00bb4.18.0&#8243; _module_preset=\u00bbdefault\u00bb hover_enabled=\u00bb0&#8243; global_colors_info=\u00bb{}\u00bb sticky_enabled=\u00bb0&#8243;][et_pb_column type=\u00bb4_4&#8243; _builder_version=\u00bb4.18.0&#8243; _module_preset=\u00bbdefault\u00bb global_colors_info=\u00bb{}\u00bb][et_pb_text _builder_version=\u00bb4.18.0&#8243; _module_preset=\u00bbdefault\u00bb hover_enabled=\u00bb0&#8243; global_colors_info=\u00bb{}\u00bb sticky_enabled=\u00bb0&#8243;]<\/p>\n<h1 style=\"text-align: center;\">Proyecci\u00f3n Social<\/h1>\n<p>[\/et_pb_text][\/et_pb_column][\/et_pb_row][et_pb_row column_structure=\u00bb1_2,1_2&#8243; _builder_version=\u00bb4.18.0&#8243; _module_preset=\u00bbdefault\u00bb global_colors_info=\u00bb{}\u00bb][et_pb_column type=\u00bb1_2&#8243; _builder_version=\u00bb4.18.0&#8243; _module_preset=\u00bbdefault\u00bb global_colors_info=\u00bb{}\u00bb][et_pb_text _builder_version=\u00bb4.18.0&#8243; _module_preset=\u00bbdefault\u00bb hover_enabled=\u00bb0&#8243; global_colors_info=\u00bb{}\u00bb sticky_enabled=\u00bb0&#8243;]<\/p>\n<h4><strong>Informaci\u00f3n<\/strong><\/h4>\n<p>La Universidad Modular Abierta cuenta con la Unidad de Proyecci\u00f3n Social destinada a promover el desarrollo de proyectos de tipo social en beneficio de las comunidades m\u00e1s desprotegidas de la poblaci\u00f3n salvadore\u00f1a.<\/p>\n<p>La Direcci\u00f3n de Proyecci\u00f3n Social es la encargada de orientar, programar y coordinar las acciones que contribuyan a resolver la problem\u00e1tica social, previamente identificada en las comunidades seleccionadas para intervenir. Se trabaja en las \u00e1reas de formaci\u00f3n que se desarrollan en UMA, las cuales son: Ciencias y Humanidades, Ciencias Econ\u00f3micas as\u00ed como Jurisprudencia y Ciencias Sociales.<\/p>\n<p>Dada la descentralizaci\u00f3n de los servicios educativos que se ofrecen, la Proyecci\u00f3n Social se desarrolla con cobertura central y regional.<\/p>\n<h4><strong>Objeto<\/strong><\/h4>\n<p>La Proyecci\u00f3n Social, es la interacci\u00f3n entre el quehacer acad\u00e9mico con la realidad nacional, social y cultural. Es la acci\u00f3n institucional que se realiza dentro de un entorno espec\u00edfico mediante programas y proyectos especiales a fin de promover actividades que mitiguen situaciones desfavorables para los sectores m\u00e1s desprotegidos de la poblaci\u00f3n salvadore\u00f1a.<\/p>\n<h4><strong>Objetivos<\/strong><\/h4>\n<p>La Proyecci\u00f3n Social es un proceso organizado, planificado, financiado y evaluado, por medio del cual se establecen v\u00ednculos estrechos con la sociedad, para impactar constructivamente en la identidad y fortalecimiento social y debe ser congruente con la Misi\u00f3n Institucional.<\/p>\n<ul>\n<li>Son objetivos enmarcados dentro de la Proyecci\u00f3n Social:<br \/>Identificar escenarios sociales que demanden apoyo educativo, social y cultural en los diversos sectores de la poblaci\u00f3n salvadore\u00f1a.<\/li>\n<li>Coadyuvar esfuerzos con otras instituciones, para la soluci\u00f3n de problemas comunitarios concretos, con base a\u00a0 los recursos disponibles.<\/li>\n<li>Proponer convenios de cooperaci\u00f3n interinstitucional para contribuir a los problemas de nuestra sociedad.<\/li>\n<li>Contribuir al desarrollo de la persona humana en su dimensi\u00f3n bio-psico-social.<\/li>\n<li>Fomentar en la comunidad universitaria, el trabajo interdisciplinario, para contribuir a la transformaci\u00f3n de los fen\u00f3menos sociales.<\/li>\n<\/ul>\n<p>[\/et_pb_text][\/et_pb_column][et_pb_column type=\u00bb1_2&#8243; _builder_version=\u00bb4.18.0&#8243; _module_preset=\u00bbdefault\u00bb global_colors_info=\u00bb{}\u00bb][et_pb_gallery gallery_ids=\u00bb311,310,309&#8243; gallery_orderby=\u00bbrand\u00bb show_title_and_caption=\u00bboff\u00bb show_pagination=\u00bboff\u00bb _builder_version=\u00bb4.18.0&#8243; _module_preset=\u00bbdefault\u00bb global_colors_info=\u00bb{}\u00bb][\/et_pb_gallery][\/et_pb_column][\/et_pb_row][et_pb_row _builder_version=\u00bb4.18.0&#8243; _module_preset=\u00bbdefault\u00bb global_colors_info=\u00bb{}\u00bb][et_pb_column type=\u00bb4_4&#8243; _builder_version=\u00bb4.18.0&#8243; _module_preset=\u00bbdefault\u00bb global_colors_info=\u00bb{}\u00bb][\/et_pb_column][\/et_pb_row][\/et_pb_section]<\/p>\n","protected":false},"excerpt":{"rendered":"<p>Proyecci\u00f3n SocialInformaci\u00f3n La Universidad Modular Abierta cuenta con la Unidad de Proyecci\u00f3n Social destinada a promover el desarrollo de proyectos de tipo social en beneficio de las comunidades m\u00e1s desprotegidas de la poblaci\u00f3n salvadore\u00f1a. La Direcci\u00f3n de Proyecci\u00f3n Social es la encargada de orientar, programar y coordinar las acciones que contribuyan a resolver la problem\u00e1tica [&hellip;]<\/p>\n","protected":false},"author":1,"featured_media":0,"parent":0,"menu_order":0,"comment_status":"closed","ping_status":"closed","template":"","meta":{"_et_pb_use_builder":"on","_et_pb_old_content":"","_et_gb_content_width":"","footnotes":""},"class_list":["post-306","page","type-page","status-publish","hentry"],"_links":{"self":[{"href":"https:\/\/umasantaana.edu.sv\/index.php?rest_route=\/wp\/v2\/pages\/306","targetHints":{"allow":["GET"]}}],"collection":[{"href":"https:\/\/umasantaana.edu.sv\/index.php?rest_route=\/wp\/v2\/pages"}],"about":[{"href":"https:\/\/umasantaana.edu.sv\/index.php?rest_route=\/wp\/v2\/types\/page"}],"author":[{"embeddable":true,"href":"https:\/\/umasantaana.edu.sv\/index.php?rest_route=\/wp\/v2\/users\/1"}],"replies":[{"embeddable":true,"href":"https:\/\/umasantaana.edu.sv\/index.php?rest_route=%2Fwp%2Fv2%2Fcomments&post=306"}],"version-history":[{"count":4,"href":"https:\/\/umasantaana.edu.sv\/index.php?rest_route=\/wp\/v2\/pages\/306\/revisions"}],"predecessor-version":[{"id":389,"href":"https:\/\/umasantaana.edu.sv\/index.php?rest_route=\/wp\/v2\/pages\/306\/revisions\/389"}],"wp:attachment":[{"href":"https:\/\/umasantaana.edu.sv\/index.php?rest_route=%2Fwp%2Fv2%2Fmedia&parent=306"}],"curies":[{"name":"wp","href":"https:\/\/api.w.org\/{rel}","templated":true}]}}

Proyección Social

<p>[et_pb_section fb_built=»1&#8243; admin_label=»About» _builder_version=»4.16&#8243; hover_enabled=»0&#8243; global_colors_info=»{}» sticky_enabled=»0&#8243;][et_pb_row _builder_version=»4.18.0&#8243; _module_preset=»default» hover_enabled=»0&#8243; global_colors_info=»{}» sticky_enabled=»0&#8243;][et_pb_column type=»4_4&#8243; _builder_version=»4.18.0&#8243; _module_preset=»default» global_colors_info=»{}»][et_pb_text _builder_version=»4.18.0&#8243; _module_preset=»default» hover_enabled=»0&#8243; global_colors_info=»{}» sticky_enabled=»0&#8243;]</p>
<h1 style="text-align: center;">Proyección Social</h1>
<p>[/et_pb_text][/et_pb_column][/et_pb_row][et_pb_row column_structure=»1_2,1_2&#8243; _builder_version=»4.18.0&#8243; _module_preset=»default» global_colors_info=»{}»][et_pb_column type=»1_2&#8243; _builder_version=»4.18.0&#8243; _module_preset=»default» global_colors_info=»{}»][et_pb_text _builder_version=»4.18.0&#8243; _module_preset=»default» hover_enabled=»0&#8243; global_colors_info=»{}» sticky_enabled=»0&#8243;]</p>
<h4><strong>Información</strong></h4>
<p>La Universidad Modular Abierta cuenta con la Unidad de Proyección Social destinada a promover el desarrollo de proyectos de tipo social en beneficio de las comunidades más desprotegidas de la población salvadoreña.</p>
<p>La Dirección de Proyección Social es la encargada de orientar, programar y coordinar las acciones que contribuyan a resolver la problemática social, previamente identificada en las comunidades seleccionadas para intervenir. Se trabaja en las áreas de formación que se desarrollan en UMA, las cuales son: Ciencias y Humanidades, Ciencias Económicas así como Jurisprudencia y Ciencias Sociales.</p>
<p>Dada la descentralización de los servicios educativos que se ofrecen, la Proyección Social se desarrolla con cobertura central y regional.</p>
<h4><strong>Objeto</strong></h4>
<p>La Proyección Social, es la interacción entre el quehacer académico con la realidad nacional, social y cultural. Es la acción institucional que se realiza dentro de un entorno específico mediante programas y proyectos especiales a fin de promover actividades que mitiguen situaciones desfavorables para los sectores más desprotegidos de la población salvadoreña.</p>
<h4><strong>Objetivos</strong></h4>
<p>La Proyección Social es un proceso organizado, planificado, financiado y evaluado, por medio del cual se establecen vínculos estrechos con la sociedad, para impactar constructivamente en la identidad y fortalecimiento social y debe ser congruente con la Misión Institucional.</p>
<ul>
<li>Son objetivos enmarcados dentro de la Proyección Social:<br />Identificar escenarios sociales que demanden apoyo educativo, social y cultural en los diversos sectores de la población salvadoreña.</li>
<li>Coadyuvar esfuerzos con otras instituciones, para la solución de problemas comunitarios concretos, con base a  los recursos disponibles.</li>
<li>Proponer convenios de cooperación interinstitucional para contribuir a los problemas de nuestra sociedad.</li>
<li>Contribuir al desarrollo de la persona humana en su dimensión bio-psico-social.</li>
<li>Fomentar en la comunidad universitaria, el trabajo interdisciplinario, para contribuir a la transformación de los fenómenos sociales.</li>
</ul>
<p>[/et_pb_text][/et_pb_column][et_pb_column type=»1_2&#8243; _builder_version=»4.18.0&#8243; _module_preset=»default» global_colors_info=»{}»][et_pb_gallery gallery_ids=»311,310,309&#8243; gallery_orderby=»rand» show_title_and_caption=»off» show_pagination=»off» _builder_version=»4.18.0&#8243; _module_preset=»default» global_colors_info=»{}»][/et_pb_gallery][/et_pb_column][/et_pb_row][et_pb_row _builder_version=»4.18.0&#8243; _module_preset=»default» global_colors_info=»{}»][et_pb_column type=»4_4&#8243; _builder_version=»4.18.0&#8243; _module_preset=»default» global_colors_info=»{}»][/et_pb_column][/et_pb_row][/et_pb_section]</p>

<p>Proyección SocialInformación La Universidad Modular Abierta cuenta con la Unidad de Proyección Social destinada a promover el desarrollo de proyectos de tipo social en beneficio de las comunidades más desprotegidas de la población salvadoreña. La Dirección de Proyección Social es la encargada de orientar, programar y coordinar las acciones que contribuyan a resolver la problemática [&hellip;]</p>
