{"id":196,"date":"2022-09-26T00:36:30","date_gmt":"2022-09-26T06:36:30","guid":{"rendered":"https:\/\/umasantaana.edu.sv\/?page_id=196"},"modified":"2022-09-26T00:36:41","modified_gmt":"2022-09-26T06:36:41","slug":"filosofia-institucional","status":"publish","type":"page","link":"https:\/\/umasantaana.edu.sv\/?page_id=196","title":{"rendered":"Filosof\u00eda Institucional"},"content":{"rendered":"<p>[et_pb_section fb_built=\u00bb1&#8243; admin_label=\u00bbAbout\u00bb _builder_version=\u00bb4.16&#8243; global_colors_info=\u00bb{}\u00bb theme_builder_area=\u00bbpost_content\u00bb][et_pb_row _builder_version=\u00bb4.18.0&#8243; _module_preset=\u00bbdefault\u00bb global_colors_info=\u00bb{}\u00bb theme_builder_area=\u00bbpost_content\u00bb][et_pb_column type=\u00bb4_4&#8243; _builder_version=\u00bb4.18.0&#8243; _module_preset=\u00bbdefault\u00bb global_colors_info=\u00bb{}\u00bb theme_builder_area=\u00bbpost_content\u00bb][et_pb_text _builder_version=\u00bb4.18.0&#8243; _module_preset=\u00bbdefault\u00bb hover_enabled=\u00bb0&#8243; global_colors_info=\u00bb{}\u00bb theme_builder_area=\u00bbpost_content\u00bb sticky_enabled=\u00bb0&#8243;]<\/p>\n<h1 style=\"text-align: center;\"><strong>Filosof\u00eda Institucional<\/strong><\/h1>\n<p>[\/et_pb_text][\/et_pb_column][\/et_pb_row][et_pb_row _builder_version=\u00bb4.18.0&#8243; _module_preset=\u00bbdefault\u00bb hover_enabled=\u00bb0&#8243; global_colors_info=\u00bb{}\u00bb theme_builder_area=\u00bbpost_content\u00bb sticky_enabled=\u00bb0&#8243;][et_pb_column type=\u00bb4_4&#8243; _builder_version=\u00bb4.18.0&#8243; _module_preset=\u00bbdefault\u00bb global_colors_info=\u00bb{}\u00bb theme_builder_area=\u00bbpost_content\u00bb][et_pb_gallery _builder_version=\u00bb4.18.0&#8243; _module_preset=\u00bbdefault\u00bb theme_builder_area=\u00bbpost_content\u00bb hover_enabled=\u00bb0&#8243; sticky_enabled=\u00bb0&#8243; show_title_and_caption=\u00bboff\u00bb show_pagination=\u00bboff\u00bb gallery_ids=\u00bb199,200,201,202&#8243;][\/et_pb_gallery][\/et_pb_column][\/et_pb_row][et_pb_row column_structure=\u00bb1_4,1_4,1_2&#8243; _builder_version=\u00bb4.18.0&#8243; hover_enabled=\u00bb0&#8243; global_colors_info=\u00bb{}\u00bb theme_builder_area=\u00bbpost_content\u00bb sticky_enabled=\u00bb0&#8243;][et_pb_column type=\u00bb1_4&#8243; _builder_version=\u00bb4.16&#8243; custom_padding=\u00bb|||\u00bb global_colors_info=\u00bb{}\u00bb custom_padding__hover=\u00bb|||\u00bb theme_builder_area=\u00bbpost_content\u00bb][et_pb_text _builder_version=\u00bb4.18.0&#8243; text_font=\u00bb||||||||\u00bb text_font_size=\u00bb15px\u00bb text_line_height=\u00bb1.8em\u00bb custom_padding=\u00bb|||\u00bb custom_padding_tablet=\u00bb|40px||40px||true\u00bb custom_padding_last_edited=\u00bboff|desktop\u00bb hover_enabled=\u00bb0&#8243; global_colors_info=\u00bb{}\u00bb theme_builder_area=\u00bbpost_content\u00bb sticky_enabled=\u00bb0&#8243;]<\/p>\n<h3><span><strong>VALORES INSTITUCIONALES<\/strong><\/span><\/h3>\n<ul>\n<li>Responsabilidad<\/li>\n<li>Tolerancia<\/li>\n<li>Respeto<\/li>\n<li>Solidaridad<\/li>\n<li>Integridad<\/li>\n<li>Perseverancia<\/li>\n<\/ul>\n<p>[\/et_pb_text][\/et_pb_column][et_pb_column type=\u00bb1_4&#8243; _builder_version=\u00bb4.16&#8243; custom_padding=\u00bb|||\u00bb global_colors_info=\u00bb{}\u00bb custom_padding__hover=\u00bb|||\u00bb theme_builder_area=\u00bbpost_content\u00bb][et_pb_text _builder_version=\u00bb4.18.0&#8243; text_font=\u00bb||||||||\u00bb text_font_size=\u00bb15px\u00bb text_line_height=\u00bb1.8em\u00bb custom_padding=\u00bb|||\u00bb custom_padding_tablet=\u00bb|40px||40px||true\u00bb custom_padding_last_edited=\u00bboff|desktop\u00bb hover_enabled=\u00bb0&#8243; locked=\u00bboff\u00bb global_colors_info=\u00bb{}\u00bb theme_builder_area=\u00bbpost_content\u00bb sticky_enabled=\u00bb0&#8243;]<\/p>\n<h3><span><strong>FINES<\/strong><\/span><\/h3>\n<ul>\n<li>Contribuir al desarrollo integral de la persona humana en todas sus dimensiones por medio de la excelencia acad\u00e9mica y la proyecci\u00f3n social.<\/li>\n<li>\u00a0Colaborar en la consolidaci\u00f3n de una democracia justa y solidaria que fomente el respeto a los derechos humanos y el cumplimiento de los propios deberes.<\/li>\n<li>Impulsar el sentido de la identidad cultural salvadore\u00f1a y la promoci\u00f3n de los propios valores.<\/li>\n<li>Concientizar sobre la responsabilidad personal y social en relaci\u00f3n al mundo que habitamos<\/li>\n<\/ul>\n<p>[\/et_pb_text][\/et_pb_column][et_pb_column type=\u00bb1_2&#8243; _builder_version=\u00bb4.16&#8243; custom_padding=\u00bb|||\u00bb global_colors_info=\u00bb{}\u00bb custom_padding__hover=\u00bb|||\u00bb theme_builder_area=\u00bbpost_content\u00bb][et_pb_text _builder_version=\u00bb4.18.0&#8243; _module_preset=\u00bbdefault\u00bb theme_builder_area=\u00bbpost_content\u00bb hover_enabled=\u00bb0&#8243; sticky_enabled=\u00bb0&#8243;]<\/p>\n<h3><span><strong>OBJETIVOS<\/strong><\/span><\/h3>\n<ul>\n<li>Formar profesionales integrales dotados de alta calidad cient\u00edfica, t\u00e9cnica y \u00e9tica, con vocaci\u00f3n de servicio y principios morales.<\/li>\n<li>Propiciar el desarrollo de la investigaci\u00f3n para contribuir al avance cient\u00edfico, social, cultural y econ\u00f3mico de nuestro pa\u00eds con proyecci\u00f3n a la realidad nacional y centroamericana.<\/li>\n<li>Desarrollar programas de proyecci\u00f3n social que permitan contribuir a solucionar los ingentes problemas de los sectores m\u00e1s vulnerables de nuestro pa\u00eds.<\/li>\n<li>Brindar capacitaci\u00f3n a los sectores docentes, administrativos y ejecutivos en sus respectivas \u00e1reas de especialidad para fomentar la cultura de la formaci\u00f3n continua.<\/li>\n<li>Participar en la internacionalizaci\u00f3n de las universidades por medio de Convenios de Cooperaci\u00f3n e Intercambio Acad\u00e9mico y de Tecnolog\u00eda Educativa.<\/li>\n<li>Fomentar, conservar y difundir la cultura, la ciencia, las artes y los deportes orientados a preservar nuestra identidad cultural.<\/li>\n<li>Propiciar la utilizaci\u00f3n de metodolog\u00edas de ense\u00f1anza no presencial seg\u00fan las regulaciones que establezca la Ley de Educaci\u00f3n Superior.<\/li>\n<li>Aplicar m\u00e9todos y t\u00e9cnicas pedag\u00f3gicas modernas que garanticen el \u00e9xito acad\u00e9mico de los estudiantes y que propicien la formaci\u00f3n cient\u00edfica y human\u00edstica de los mismos.<\/li>\n<\/ul>\n<p>[\/et_pb_text][\/et_pb_column][\/et_pb_row][\/et_pb_section]<\/p>\n","protected":false},"excerpt":{"rendered":"<p>Filosof\u00eda InstitucionalVALORES INSTITUCIONALES Responsabilidad Tolerancia Respeto Solidaridad Integridad Perseverancia FINES Contribuir al desarrollo integral de la persona humana en todas sus dimensiones por medio de la excelencia acad\u00e9mica y la proyecci\u00f3n social. \u00a0Colaborar en la consolidaci\u00f3n de una democracia justa y solidaria que fomente el respeto a los derechos humanos y el cumplimiento de los [&hellip;]<\/p>\n","protected":false},"author":1,"featured_media":0,"parent":0,"menu_order":0,"comment_status":"closed","ping_status":"closed","template":"","meta":{"_et_pb_use_builder":"on","_et_pb_old_content":"","_et_gb_content_width":"","footnotes":""},"class_list":["post-196","page","type-page","status-publish","hentry"],"_links":{"self":[{"href":"https:\/\/umasantaana.edu.sv\/index.php?rest_route=\/wp\/v2\/pages\/196","targetHints":{"allow":["GET"]}}],"collection":[{"href":"https:\/\/umasantaana.edu.sv\/index.php?rest_route=\/wp\/v2\/pages"}],"about":[{"href":"https:\/\/umasantaana.edu.sv\/index.php?rest_route=\/wp\/v2\/types\/page"}],"author":[{"embeddable":true,"href":"https:\/\/umasantaana.edu.sv\/index.php?rest_route=\/wp\/v2\/users\/1"}],"replies":[{"embeddable":true,"href":"https:\/\/umasantaana.edu.sv\/index.php?rest_route=%2Fwp%2Fv2%2Fcomments&post=196"}],"version-history":[{"count":2,"href":"https:\/\/umasantaana.edu.sv\/index.php?rest_route=\/wp\/v2\/pages\/196\/revisions"}],"predecessor-version":[{"id":203,"href":"https:\/\/umasantaana.edu.sv\/index.php?rest_route=\/wp\/v2\/pages\/196\/revisions\/203"}],"wp:attachment":[{"href":"https:\/\/umasantaana.edu.sv\/index.php?rest_route=%2Fwp%2Fv2%2Fmedia&parent=196"}],"curies":[{"name":"wp","href":"https:\/\/api.w.org\/{rel}","templated":true}]}}

Filosofía Institucional

<p>[et_pb_section fb_built=»1&#8243; admin_label=»About» _builder_version=»4.16&#8243; global_colors_info=»{}» theme_builder_area=»post_content»][et_pb_row _builder_version=»4.18.0&#8243; _module_preset=»default» global_colors_info=»{}» theme_builder_area=»post_content»][et_pb_column type=»4_4&#8243; _builder_version=»4.18.0&#8243; _module_preset=»default» global_colors_info=»{}» theme_builder_area=»post_content»][et_pb_text _builder_version=»4.18.0&#8243; _module_preset=»default» hover_enabled=»0&#8243; global_colors_info=»{}» theme_builder_area=»post_content» sticky_enabled=»0&#8243;]</p>
<h1 style="text-align: center;"><strong>Filosofía Institucional</strong></h1>
<p>[/et_pb_text][/et_pb_column][/et_pb_row][et_pb_row _builder_version=»4.18.0&#8243; _module_preset=»default» hover_enabled=»0&#8243; global_colors_info=»{}» theme_builder_area=»post_content» sticky_enabled=»0&#8243;][et_pb_column type=»4_4&#8243; _builder_version=»4.18.0&#8243; _module_preset=»default» global_colors_info=»{}» theme_builder_area=»post_content»][et_pb_gallery _builder_version=»4.18.0&#8243; _module_preset=»default» theme_builder_area=»post_content» hover_enabled=»0&#8243; sticky_enabled=»0&#8243; show_title_and_caption=»off» show_pagination=»off» gallery_ids=»199,200,201,202&#8243;][/et_pb_gallery][/et_pb_column][/et_pb_row][et_pb_row column_structure=»1_4,1_4,1_2&#8243; _builder_version=»4.18.0&#8243; hover_enabled=»0&#8243; global_colors_info=»{}» theme_builder_area=»post_content» sticky_enabled=»0&#8243;][et_pb_column type=»1_4&#8243; _builder_version=»4.16&#8243; custom_padding=»|||» global_colors_info=»{}» custom_padding__hover=»|||» theme_builder_area=»post_content»][et_pb_text _builder_version=»4.18.0&#8243; text_font=»||||||||» text_font_size=»15px» text_line_height=»1.8em» custom_padding=»|||» custom_padding_tablet=»|40px||40px||true» custom_padding_last_edited=»off|desktop» hover_enabled=»0&#8243; global_colors_info=»{}» theme_builder_area=»post_content» sticky_enabled=»0&#8243;]</p>
<h3><span><strong>VALORES INSTITUCIONALES</strong></span></h3>
<ul>
<li>Responsabilidad</li>
<li>Tolerancia</li>
<li>Respeto</li>
<li>Solidaridad</li>
<li>Integridad</li>
<li>Perseverancia</li>
</ul>
<p>[/et_pb_text][/et_pb_column][et_pb_column type=»1_4&#8243; _builder_version=»4.16&#8243; custom_padding=»|||» global_colors_info=»{}» custom_padding__hover=»|||» theme_builder_area=»post_content»][et_pb_text _builder_version=»4.18.0&#8243; text_font=»||||||||» text_font_size=»15px» text_line_height=»1.8em» custom_padding=»|||» custom_padding_tablet=»|40px||40px||true» custom_padding_last_edited=»off|desktop» hover_enabled=»0&#8243; locked=»off» global_colors_info=»{}» theme_builder_area=»post_content» sticky_enabled=»0&#8243;]</p>
<h3><span><strong>FINES</strong></span></h3>
<ul>
<li>Contribuir al desarrollo integral de la persona humana en todas sus dimensiones por medio de la excelencia académica y la proyección social.</li>
<li> Colaborar en la consolidación de una democracia justa y solidaria que fomente el respeto a los derechos humanos y el cumplimiento de los propios deberes.</li>
<li>Impulsar el sentido de la identidad cultural salvadoreña y la promoción de los propios valores.</li>
<li>Concientizar sobre la responsabilidad personal y social en relación al mundo que habitamos</li>
</ul>
<p>[/et_pb_text][/et_pb_column][et_pb_column type=»1_2&#8243; _builder_version=»4.16&#8243; custom_padding=»|||» global_colors_info=»{}» custom_padding__hover=»|||» theme_builder_area=»post_content»][et_pb_text _builder_version=»4.18.0&#8243; _module_preset=»default» theme_builder_area=»post_content» hover_enabled=»0&#8243; sticky_enabled=»0&#8243;]</p>
<h3><span><strong>OBJETIVOS</strong></span></h3>
<ul>
<li>Formar profesionales integrales dotados de alta calidad científica, técnica y ética, con vocación de servicio y principios morales.</li>
<li>Propiciar el desarrollo de la investigación para contribuir al avance científico, social, cultural y económico de nuestro país con proyección a la realidad nacional y centroamericana.</li>
<li>Desarrollar programas de proyección social que permitan contribuir a solucionar los ingentes problemas de los sectores más vulnerables de nuestro país.</li>
<li>Brindar capacitación a los sectores docentes, administrativos y ejecutivos en sus respectivas áreas de especialidad para fomentar la cultura de la formación continua.</li>
<li>Participar en la internacionalización de las universidades por medio de Convenios de Cooperación e Intercambio Académico y de Tecnología Educativa.</li>
<li>Fomentar, conservar y difundir la cultura, la ciencia, las artes y los deportes orientados a preservar nuestra identidad cultural.</li>
<li>Propiciar la utilización de metodologías de enseñanza no presencial según las regulaciones que establezca la Ley de Educación Superior.</li>
<li>Aplicar métodos y técnicas pedagógicas modernas que garanticen el éxito académico de los estudiantes y que propicien la formación científica y humanística de los mismos.</li>
</ul>
<p>[/et_pb_text][/et_pb_column][/et_pb_row][/et_pb_section]</p>

<p>Filosofía InstitucionalVALORES INSTITUCIONALES Responsabilidad Tolerancia Respeto Solidaridad Integridad Perseverancia FINES Contribuir al desarrollo integral de la persona humana en todas sus dimensiones por medio de la excelencia académica y la proyección social.  Colaborar en la consolidación de una democracia justa y solidaria que fomente el respeto a los derechos humanos y el cumplimiento de los [&hellip;]</p>
