{"id":187,"date":"2022-09-26T00:02:45","date_gmt":"2022-09-26T06:02:45","guid":{"rendered":"https:\/\/umasantaana.edu.sv\/?page_id=187"},"modified":"2022-09-26T00:13:43","modified_gmt":"2022-09-26T06:13:43","slug":"modelo-educativo","status":"publish","type":"page","link":"https:\/\/umasantaana.edu.sv\/?page_id=187","title":{"rendered":"Modelo Educativo"},"content":{"rendered":"<p>[et_pb_section fb_built=\u00bb1&#8243; admin_label=\u00bbAbout\u00bb _builder_version=\u00bb4.16&#8243; global_colors_info=\u00bb{}\u00bb theme_builder_area=\u00bbpost_content\u00bb][et_pb_row _builder_version=\u00bb4.18.0&#8243; _module_preset=\u00bbdefault\u00bb global_colors_info=\u00bb{}\u00bb theme_builder_area=\u00bbpost_content\u00bb][et_pb_column type=\u00bb4_4&#8243; _builder_version=\u00bb4.18.0&#8243; _module_preset=\u00bbdefault\u00bb global_colors_info=\u00bb{}\u00bb theme_builder_area=\u00bbpost_content\u00bb][et_pb_text _builder_version=\u00bb4.18.0&#8243; _module_preset=\u00bbdefault\u00bb hover_enabled=\u00bb0&#8243; global_colors_info=\u00bb{}\u00bb theme_builder_area=\u00bbpost_content\u00bb sticky_enabled=\u00bb0&#8243;]<\/p>\n<h1 style=\"text-align: center;\"><b><span>Modelo Educativo<\/span><\/b><\/h1>\n<p>[\/et_pb_text][\/et_pb_column][\/et_pb_row][et_pb_row _builder_version=\u00bb4.18.0&#8243; _module_preset=\u00bbdefault\u00bb hover_enabled=\u00bb0&#8243; global_colors_info=\u00bb{}\u00bb column_structure=\u00bb2_3,1_3&#8243; theme_builder_area=\u00bbpost_content\u00bb sticky_enabled=\u00bb0&#8243; use_custom_gutter=\u00bbon\u00bb gutter_width=\u00bb2&#8243;][et_pb_column type=\u00bb2_3&#8243; _builder_version=\u00bb4.18.0&#8243; _module_preset=\u00bbdefault\u00bb hover_enabled=\u00bb0&#8243; global_colors_info=\u00bb{}\u00bb theme_builder_area=\u00bbpost_content\u00bb sticky_enabled=\u00bb0&#8243;][et_pb_text _builder_version=\u00bb4.18.0&#8243; _module_preset=\u00bbdefault\u00bb theme_builder_area=\u00bbpost_content\u00bb hover_enabled=\u00bb0&#8243; sticky_enabled=\u00bb0&#8243;]<\/p>\n<h2 style=\"text-align: left;\"><b><span>\u00abPara un mundo sin fronteras\u00bb<\/span><\/b><\/h2>\n<p>Debido a que se generan nuevas demandas de aprendizaje, tanto en calidad como en cantidad y en variedad de contextos, desde lo local hasta lo internacional. El factor educativo es especialmente importante para el desarrollo de estos contextos, por lo cual la actividad educativa de la Universidad, cada vez tiene que ser de mejor calidad y con mayor pertinencia. Las acciones educativas, que se presentan en este Modelo se fundamentan en las tres funciones b\u00e1sicas definidas en la Ley de Educaci\u00f3n Superior<\/p>\n<p>[\/et_pb_text][\/et_pb_column][et_pb_column _builder_version=\u00bb4.18.0&#8243; _module_preset=\u00bbdefault\u00bb type=\u00bb1_3&#8243; theme_builder_area=\u00bbpost_content\u00bb hover_enabled=\u00bb0&#8243; sticky_enabled=\u00bb0&#8243;][et_pb_image src=\u00bbhttps:\/\/umasantaana.edu.sv\/wp-content\/uploads\/2022\/09\/modeloeducativo1.jpg\u00bb _builder_version=\u00bb4.18.0&#8243; _module_preset=\u00bbdefault\u00bb theme_builder_area=\u00bbpost_content\u00bb title_text=\u00bbmodeloeducativo1&#8243; hover_enabled=\u00bb0&#8243; sticky_enabled=\u00bb0&#8243;][\/et_pb_image][\/et_pb_column][\/et_pb_row][et_pb_row _builder_version=\u00bb4.18.0&#8243; global_colors_info=\u00bb{}\u00bb theme_builder_area=\u00bbpost_content\u00bb][et_pb_column type=\u00bb4_4&#8243; _builder_version=\u00bb4.16&#8243; custom_padding=\u00bb|||\u00bb global_colors_info=\u00bb{}\u00bb custom_padding__hover=\u00bb|||\u00bb theme_builder_area=\u00bbpost_content\u00bb][et_pb_text _builder_version=\u00bb4.18.0&#8243; text_font=\u00bb||||||||\u00bb text_font_size=\u00bb15px\u00bb text_line_height=\u00bb1.8em\u00bb custom_padding=\u00bb|||\u00bb custom_padding_tablet=\u00bb|40px||40px||true\u00bb custom_padding_last_edited=\u00bboff|desktop\u00bb hover_enabled=\u00bb0&#8243; global_colors_info=\u00bb{}\u00bb theme_builder_area=\u00bbpost_content\u00bb sticky_enabled=\u00bb0&#8243;]<\/p>\n<div class=\"et_pb_module et_pb_text et_pb_text_2  et_pb_text_align_left et_pb_bg_layout_light\">\n<div class=\"et_pb_text_inner\">\n<table width=\"430\" border=\"0\" align=\"center\">\n<tbody>\n<tr>\n<td width=\"192\" align=\"left\" bordercolor=\"#000000\" bgcolor=\"#87031b\" style=\"text-align: center;\"><span style=\"color: #ffffff;\"><strong>EJES DEL MODELO<\/strong><\/span><\/td>\n<td width=\"228\" align=\"left\" bordercolor=\"#000000\" bgcolor=\"#87031b\" style=\"text-align: center;\"><span style=\"color: #ffffff;\"><strong>PRODUCTOS DEL MODELO<\/strong><\/span><\/td>\n<\/tr>\n<tr>\n<td><span>\u2022 LA DOCENCIA<\/span><\/td>\n<td><span>\u2022 CALIDAD<\/span><\/td>\n<\/tr>\n<tr>\n<td><span>\u2022 INVESTIGACI\u00d2N<\/span><\/td>\n<td><span>\u2022 PERTINENCIA<\/span><\/td>\n<\/tr>\n<tr>\n<td><span>\u2022 PROYECCI\u00d2N SOCIAL<\/span><\/td>\n<td><span>\u2022 RESPONSABILIDAD SOCIAL<\/span><\/td>\n<\/tr>\n<tr>\n<td><span>\u2022 GESTI\u00d3N ADMINISTRATIVA<\/span><\/td>\n<td><span>\u2022 LA INTERNACIONACIONALIZACI\u00d2N<\/span><\/td>\n<\/tr>\n<\/tbody>\n<\/table>\n<\/div>\n<\/div>\n<div class=\"et_pb_module et_pb_text et_pb_text_3  et_pb_text_align_left et_pb_bg_layout_light\">\n<div class=\"et_pb_text_inner\">\n<p><span>La Universidad Modular Abierta, con este Modelo Educativo, propende activar y aprovechar las tecnolog\u00edas de la Informaci\u00f3n y comunicaci\u00f3n, como herramientas did\u00e1cticas para lograr el aprendizaje en ambientes virtuales, que permitan atender una mayor poblaci\u00f3n estudiantil y contribuir a\u00fan m\u00e1s con la democratizaci\u00f3n de la Educaci\u00f3n Superior de manera enf\u00e1tica, en aquellos sectores que les ha sido vedado el acceso a la Educaci\u00f3n Terciaria. El enfoque educativo, est\u00e1 centrado en la formaci\u00f3n de profesionales aut\u00f3nomos, capaces de actuar competitivamente creando un estilo de pensamiento cient\u00edfico y tecnol\u00f3gico, de acuerdo con el desarrollo que impacta la sociedad, volvi\u00e9ndola m\u00e1s humana, solidaria, equitativa y mejor desarrollada. Se destaca la actuaci\u00f3n racional del estudiantado al intervenir en el juicio y la acci\u00f3n moral, con una pr\u00e1ctica de actitudes y valores que logre un espacio de entendimiento que favorezca la cultura democr\u00e1tica y de paz. Adem\u00e1s se atiende la diversidad, especialmente orientada a los sectores con dificultad de acceso a la Educaci\u00f3n Superior.<\/span><\/p>\n<\/div>\n<\/div>\n<p>[\/et_pb_text][et_pb_button button_text=\u00bbModelo Educativo para un mundo sin fronteras\u00bb _builder_version=\u00bb4.18.0&#8243; _module_preset=\u00bbdefault\u00bb theme_builder_area=\u00bbpost_content\u00bb button_url=\u00bbhttps:\/\/www.uma.edu.sv\/pdfs\/modelo_2020.pdf\u00bb url_new_window=\u00bbon\u00bb hover_enabled=\u00bb0&#8243; sticky_enabled=\u00bb0&#8243;][\/et_pb_button][\/et_pb_column][\/et_pb_row][et_pb_row _builder_version=\u00bb4.18.0&#8243; _module_preset=\u00bbdefault\u00bb column_structure=\u00bb1_3,2_3&#8243; theme_builder_area=\u00bbpost_content\u00bb hover_enabled=\u00bb0&#8243; sticky_enabled=\u00bb0&#8243; use_custom_gutter=\u00bbon\u00bb gutter_width=\u00bb2&#8243;][et_pb_column _builder_version=\u00bb4.18.0&#8243; _module_preset=\u00bbdefault\u00bb type=\u00bb1_3&#8243; theme_builder_area=\u00bbpost_content\u00bb][et_pb_image src=\u00bbhttps:\/\/umasantaana.edu.sv\/wp-content\/uploads\/2022\/09\/modeloeducativovirtual.jpg\u00bb _builder_version=\u00bb4.18.0&#8243; _module_preset=\u00bbdefault\u00bb theme_builder_area=\u00bbpost_content\u00bb title_text=\u00bbmodeloeducativovirtual\u00bb hover_enabled=\u00bb0&#8243; sticky_enabled=\u00bb0&#8243;][\/et_pb_image][\/et_pb_column][et_pb_column _builder_version=\u00bb4.18.0&#8243; _module_preset=\u00bbdefault\u00bb type=\u00bb2_3&#8243; theme_builder_area=\u00bbpost_content\u00bb][et_pb_text _builder_version=\u00bb4.18.0&#8243; _module_preset=\u00bbdefault\u00bb theme_builder_area=\u00bbpost_content\u00bb hover_enabled=\u00bb0&#8243; sticky_enabled=\u00bb0&#8243;]<\/p>\n<h2 class=\"mb-3\" style=\"text-align: center;\"><strong>Entorno Virtual de Aprendizaje<\/strong><\/h2>\n<p>Partiendo de la pandemia en el \u00e1mbito educativo, gran parte de las medidas que los pa\u00edses de la regi\u00f3n han adoptado ante la crisis se relacionan con la suspensi\u00f3n de las clases presenciales en todos los niveles, debido a esto en la Universidad Modular Abierta establece un est\u00e1ndar de modelo de clase virtual para todas las carreras que se ofrecen y que utilizan la plataforma como recurso de apoyo; donde se consideran los siguientes elementos:<\/p>\n<p>&nbsp;<\/p>\n<table class=\"table table-fixed table-striped\">\n<tbody>\n<tr>\n<td>Creaci\u00f3n de rutas de aprendizaje por semanas<\/td>\n<td>Programaci\u00f3n de sesiones sincr\u00f3nicas seg\u00fan el horario establecido para la asignatura, y publicado como enlace \u00fanico para el ciclo<\/td>\n<\/tr>\n<tr>\n<td>Grabaci\u00f3n y publicaci\u00f3n de clases<\/td>\n<td>Activaci\u00f3n de un canal de comunicaci\u00f3n as\u00edncrona por medio de tabl\u00f3n electr\u00f3nico<\/td>\n<\/tr>\n<tr>\n<td>Publicaci\u00f3n de recursos de apoyo, tales como: guiones de clase, documentos de terceros y enlaces web<\/td>\n<td>Desarrollo de actividades de autoevaluaci\u00f3n, evaluaci\u00f3n formativa y sumativa, utilizando diversas herramientas<\/td>\n<\/tr>\n<tr>\n<td>Comunicaci\u00f3n as\u00edncrona mediante la apertura de foros, para cada semana<\/td>\n<td>Dise\u00f1o y programaci\u00f3n de actividades de autoaprendizaje<\/td>\n<\/tr>\n<\/tbody>\n<\/table>\n<p>[\/et_pb_text][et_pb_button button_text=\u00bbModelo Educativo Virtual\u00bb _builder_version=\u00bb4.18.0&#8243; _module_preset=\u00bbdefault\u00bb theme_builder_area=\u00bbpost_content\u00bb button_url=\u00bbhttps:\/\/www.uma.edu.sv\/pdfs\/modelo_educativo_virtual.pdf\u00bb url_new_window=\u00bbon\u00bb hover_enabled=\u00bb0&#8243; sticky_enabled=\u00bb0&#8243;][\/et_pb_button][\/et_pb_column][\/et_pb_row][\/et_pb_section]<\/p>\n","protected":false},"excerpt":{"rendered":"<p>Modelo Educativo\u00bbPara un mundo sin fronteras\u00bb Debido a que se generan nuevas demandas de aprendizaje, tanto en calidad como en cantidad y en variedad de contextos, desde lo local hasta lo internacional. El factor educativo es especialmente importante para el desarrollo de estos contextos, por lo cual la actividad educativa de la Universidad, cada vez [&hellip;]<\/p>\n","protected":false},"author":1,"featured_media":0,"parent":0,"menu_order":0,"comment_status":"closed","ping_status":"closed","template":"","meta":{"_et_pb_use_builder":"on","_et_pb_old_content":"","_et_gb_content_width":"","footnotes":""},"class_list":["post-187","page","type-page","status-publish","hentry"],"_links":{"self":[{"href":"https:\/\/umasantaana.edu.sv\/index.php?rest_route=\/wp\/v2\/pages\/187","targetHints":{"allow":["GET"]}}],"collection":[{"href":"https:\/\/umasantaana.edu.sv\/index.php?rest_route=\/wp\/v2\/pages"}],"about":[{"href":"https:\/\/umasantaana.edu.sv\/index.php?rest_route=\/wp\/v2\/types\/page"}],"author":[{"embeddable":true,"href":"https:\/\/umasantaana.edu.sv\/index.php?rest_route=\/wp\/v2\/users\/1"}],"replies":[{"embeddable":true,"href":"https:\/\/umasantaana.edu.sv\/index.php?rest_route=%2Fwp%2Fv2%2Fcomments&post=187"}],"version-history":[{"count":3,"href":"https:\/\/umasantaana.edu.sv\/index.php?rest_route=\/wp\/v2\/pages\/187\/revisions"}],"predecessor-version":[{"id":193,"href":"https:\/\/umasantaana.edu.sv\/index.php?rest_route=\/wp\/v2\/pages\/187\/revisions\/193"}],"wp:attachment":[{"href":"https:\/\/umasantaana.edu.sv\/index.php?rest_route=%2Fwp%2Fv2%2Fmedia&parent=187"}],"curies":[{"name":"wp","href":"https:\/\/api.w.org\/{rel}","templated":true}]}}